ulate the greatest common factor of 162 and 1431108.
162
Calculate the highest common divisor of 2937 and 1067.
11
Calculate the greatest common divisor of 8 and 22651.
1
Calculate the highest common divisor of 126 and 57204.
126
What is the greatest common factor of 80119 and 13?
13
What is the greatest common factor of 792 and 15774?
66
What is the greatest common factor of 42614 and 116688?
286
What is the greatest common factor of 12291 and 3978?
51
What is the highest common divisor of 14 and 951706?
14
What is the greatest common divisor of 4350 and 17700?
150
What is the greatest common divisor of 4 and 1202?
2
Calculate the greatest common divisor of 257685 and 195.
15
Calculate the highest common factor of 532 and 199633.
133
What is the highest common divisor of 21534 and 2664?
222
Calculate the greatest common factor of 182847 and 189.
21
Calculate the highest common divisor of 2 and 27446.
2
What is the highest common divisor of 1256 and 602252?
628
What is the greatest common factor of 1426 and 457470?
46
What is the highest common factor of 412 and 32857?
103
Calculate the greatest common factor of 57202 and 1110.
74
What is the highest common divisor of 43547 and 49?
7
Calculate the highest common factor of 18 and 1023858.
18
What is the highest common divisor of 2187 and 5427?
81
What is the greatest common divisor of 78083 and 565?
113
What is the highest common factor of 4206410 and 338?
338
Calculate the greatest common divisor of 43 and 44075.
43
What is the greatest common factor of 140 and 636965?
35
What is the highest common factor of 22085 and 135?
5
Calculate the greatest common divisor of 46344 and 192.
24
Calculate the greatest common factor of 91 and 136708.
13
What is the greatest common divisor of 302589 and 5292?
189
Calculate the greatest common divisor of 1757 and 21.
7
What is the greatest common factor of 126004 and 6936?
1156
What is the greatest common divisor of 1255 and 63001?
251
What is the greatest common divisor of 366224 and 12032?
752
What is the highest common factor of 125042 and 309?
103
What is the highest common factor of 22568 and 650?
26
Calculate the highest common factor of 27760 and 160.
80
What is the greatest common factor of 5092 and 247?
19
What is the highest common divisor of 366 and 29706?
6
Calculate the highest common divisor of 648 and 62397.
27
What is the highest common factor of 7960940 and 335?
335
What is the highest common factor of 899 and 25451?
31
What is the greatest common factor of 8450 and 5375?
25
What is the greatest common divisor of 71013 and 3?
3
Calculate the greatest common divisor of 344 and 6278.
86
What is the greatest common factor of 14137200 and 308?
308
Calculate the highest common factor of 360 and 4260.
60
What is the highest common factor of 473 and 638?
11
Calculate the greatest common divisor of 184 and 12466.
46
Calculate the highest common factor of 8 and 255926.
2
Calculate the highest common divisor of 903 and 58093.
301
What is the greatest common divisor of 219009 and 21?
21
What is the highest common factor of 57804 and 204?
12
What is the highest common factor of 20592 and 2184?
312
What is the greatest common factor of 484 and 26983?
121
Calculate the greatest common factor of 481 and 20761.
13
What is the highest common factor of 3495 and 570?
15
What is the greatest common factor of 38199 and 12189?
51
Calculate the greatest common factor of 289 and 18972.
17
What is the greatest common factor of 2044 and 2588872?
292
What is the greatest common divisor of 52 and 2012842?
26
What is the greatest common factor of 58505 and 10?
5
Calculate the highest common factor of 366990 and 2795.
65
What is the highest common factor of 686 and 156394?
14
What is the highest common factor of 2596410 and 2295?
765
Calculate the highest common divisor of 7 and 9242653.
7
What is the highest common factor of 410 and 1187770?
410
What is the highest common divisor of 161 and 3269?
7
Calculate the highest common divisor of 42 and 688898.
14
What is the greatest common divisor of 5470 and 110?
10
What is the greatest common divisor of 34 and 204765?
17
Calculate the greatest common divisor of 36 and 19704.
12
What is the highest common factor of 21912 and 264?
264
Calculate the highest common factor of 4 and 171364.
4
Calculate the greatest common factor of 10931 and 17.
17
Calculate the highest common divisor of 145 and 1474505.
145
What is the highest common factor of 388022 and 14?
2
Calculate the greatest common factor of 146707 and 33.
11
What is the greatest common divisor of 31402 and 56?
14
Calculate the highest common divisor of 2136186 and 1547.
221
What is the highest common factor of 227169 and 587?
587
What is the highest common factor of 1754412 and 60?
12
What is the greatest common divisor of 259428 and 1326?
78
What is the highest common divisor of 408 and 2328?
24
What is the highest common factor of 94056 and 16?
8
Calculate the greatest common divisor of 667 and 7567.
23
What is the greatest common factor of 539793 and 10323?
333
Calculate the greatest common factor of 24635839 and 17.
17
Calculate the greatest common divisor of 29719 and 90.
1
Calculate the greatest common divisor of 13232 and 400.
16
What is the highest common divisor of 8 and 95896?
8
What is the greatest common divisor of 43105 and 148?
37
Calculate the greatest common factor of 544 and 6936.
136
What is the highest common factor of 29950 and 4950?
50
Calculate the greatest common divisor of 466 and 53357.
233
What is the highest common factor of 44 and 635844?
44
Calculate the greatest common divisor of 16646 and 95858.
574
Calculate the highest common divisor of 67849 and 475.
19
Calculate the highest common factor of 237918 and 304.
38
What is the highest common divisor of 23310 and 7434?
126
What is the highest common factor of 844693 and 33097?
1439
What is the greatest common factor of 686 and 744016?
98
Calculate the greatest common factor of 728970 and 470.
470
What is the greatest common divisor of 24375 and 2496?
39
What is the greatest common factor of 48 and 1707?
3
Calculate the greatest common factor of 213 and 58433.
71
Calculate the greatest common factor of 11 and 64977.
11
What is the greatest common factor of 8 and 3628256?
8
Calculate the highest common divisor of 3267 and 7139.
121
Calculate the greatest common divisor of 4719 and 17589.
429
Calculate the highest common factor of 9481 and 3420.
19
What is the greatest common divisor of 3817061 and 1054?
527
What is the highest common divisor of 968 and 5336?
8
What is the highest common divisor of 25164 and 324?
108
What is the greatest common factor of 11663 and 21691?
109
What is the greatest common divisor of 2562359 and 95?
19
Calculate the highest common factor of 416544 and 96.
96
What is the highest common factor of 33236 and 70?
14
Calculate the highest common factor of 18 and 328230.
18
Calculate the greatest common factor of 1715 and 68285.
35
Calculate the highest common divisor of 2266 and 2678.
206
What is the highest common factor of 56 and 1691956?
28
Calculate the greatest common divisor of 5609 and 4189.
71
Calculate the greatest common factor of 10451 and 49.
7
What is the greatest common factor of 756 and 2884?
28
Calculate the greatest common divisor of 6183460 and 40.
20
What is the greatest common divisor of 386650 and 912?
38
What is the greatest common factor of 7839 and 17621?
67
What is the greatest common factor of 2211 and 2541?
33
Calculate the highest common divisor of 69 and 166037.
23
What is the highest common factor of 8 and 290120?
8
What is the greatest common divisor of 1591 and 43?
43
Calculate the highest common divisor of 296256 and 960.
192
What is the greatest common divisor of 13330 and 12710?
310
Calculate the greatest common divisor of 14 and 37898.
14
What is the greatest common factor of 369620 and 140?
20
Calculate the highest common factor of 8 and 418328.
8
What is the greatest common factor of 32 and 1081?
1
What is the highest common divisor of 161928 and 180?
36
What is the highest common factor of 15936 and 10790?
166
Calculate the highest common factor of 220 and 64405.
55
What is the highest common divisor of 1082367 and 231?
33
What is